 22. Let w(o) be the third derivative of 2*o**2 + 1/24*o**l + 0*o + 1/2*o**3 + 0. Determine w(-2).
1
Let h(y) be the second derivative of 2*y**3/3 + 3*y**2/2 + 2*y. Let u be 6/(-9)*4 + (-10)/(-15). Determine h(u).
-5
Suppose 3*d + 8 - 29 = 0. Let r = -12 + d. Let g(h) = h**3 + 6*h**2 + 3*h - 2. Determine g(r).
8
Let t(n) = -4*n + 13. Let i(a) = -2 + 7*a - 11 - 12. Let w(r) = -3*i(r) - 5*t(r). Let z be w(6). Let o(d) = -d**2 + 4*d - 4. Give o(z).
-4
Let r(x) = x - 2. Let q(p) = -5*p**3 + 10*p**2 - 3. Let y(i) = -3*i**3 + 5*i**2 - 1. Let g(z) = 4*q(z) - 7*y(z). Let a be g(-5). Give r(a).
-7
Suppose -2*h = 5*l - 4*h - 25, h + 5 = 0. Let n be (2/l)/(6/18). Suppose -2*x - 4 = n*x. Let r(i) = -2*i + 1. Give r(x).
3
Suppose -6*j = -4*j - 4. Let u(i) be the first derivative of -i**4/4 - i**2/2 + 2*i + 1. Determine u(j).
-8
Let c be ((-2)/6)/((-15)/(-135)). Suppose 2*o + 2 = 4. Let d(q) = 2*q + 1 - o. Give d(c).
-6
Let r(v) be the second derivative of -v**4/12 + v**3/6 + 2*v**2 + v. Give r(-3).
-8
Let r = 69/424 - 2/53. Let d(c) be the third derivative of 1/6*c**3 + c**2 + 0*c + r*c**4 + 0. What is d(1)?
4
Let w(l) = l**2 + 13*l + 9. Let u be 3/(-3 - 11/(-4)). Let f be w(u). Let s(b) be the third derivative of b**5/60 + b**4/12 + b**3/6 + b**2. Calculate s(f).
4
Suppose 5*j = -0*j - 15. Let w be -3*(-3)/18*12. Let l(k) = -2*k + 5*k**2 - 3*k**3 + 4*k**3 + 2 + w*k + 0*k**3. Calculate l(j).
8
Let z(l) = l**2 - 9*l + 10. Let j be z(8). Let n(c) = -2 + 0*c**2 + 0*c**2 + 2*c**j. What is n(2)?
6
Let o be 21/12 + (-3)/(-12). Let j be -5 + (o - 0) + -1. Let c(r) = -4*r - 3. Determine c(j).
13
Let f = 74 - 70. Let z(p) = 4*p + 5. Calculate z(f).
21
Let h(u) = -u + 4. Let a(j) = 1. Let m(f) = 4. Let r(i) = 5*a(i) - m(i). Let x(s) = -h(s) + 5*r(s). Give x(-3).
-2
Let j(v) = -2*v + 1. Let u be (1 + 2 + -1)/(-1). Let z be j(u). Let n(h) = h**2 - 6*h - 4. Determine n(z).
-9
Let s be (-1)/(-1 + 0) - -3. Let a(o) = s*o + 4 - 6 - 2*o. What is a(4)?
6
Let l be 14/7 + 1 + -23. Let a be (-6)/21 - l/(-28). Let i(r) = 5*r**3 - r**2 - r - 1. Determine i(a).
-6
Let f(y) be the second derivative of -1/6*y**3 - 1/4*y**4 - 2*y + 0 + 0*y**2. Let m(q) = q**2 + 2*q - 1. Let l be m(-2). Calculate f(l).
-2
Let n(y) = y**2 - 7*y - 5. Let g be 5/(28/8 - 1). Suppose -2*a + 4*m - g = 0, 0 = -0*a + 2*a - m - 10. What is n(a)?
-5
Suppose -2*z - 24 = -4*y + 14, 3*z + 9 = 0. Let l(n) = -n + 4. Give l(y).
-4
Let m be (-6)/4*2/(-3). Let t(k) = k**2 - 3*k - m + 0*k**2 + 3*k. Calculate t(1).
0
Let w = -3 + 8. Suppose 20 = 2*m - 0*m - 4*j, 4*m = w*j + 31. Let f(n) = n**3 - 5*n**2 + 2*n + 5. Let y be f(m). Let s(r) = -2*r - 1. Determine s(y).
5
Let k(p) = p**3 - 10*p**2 + 2. Let a be k(10). Let f(y) be the second derivative of y - a*y**2 + 0 - 1/6*y**3. Determine f(4).
-8
Let j(d) = -d + 2. Let a = 6 + -11. Calculate j(a).
7
Let k(g) = -3*g - 11. Let m be k(-5). Let s(n) = 4 - 4 - m*n. Give s(2).
-8
Let b(k) = 0 - 1 - 3*k + 2*k. Let p be b(-6). Let g(y) = -y**3 + 4*y**2 + 5*y + 1. What is g(p)?
1
Let k(l) be the second derivative of -1/12*l**4 + 7/6*l**3 - 1/2*l**2 - l + 0. Let j(y) be the first derivative of k(y). What is j(5)?
-3
Let d = 16 + -12. Suppose -2*l = f - d, -3*f - 3*l = l - 4. Let w(b) be the third derivative of -b**6/120 - b**5/15 - b**4/12 - b**3/2 - b**2. Determine w(f).
5
Let b(a) = -a. Let v = 67 - 59. Determine b(v).
-8
Let c(d) = -2*d - 8. Let w(t) = 2*t + 9. Let s(o) = -4*c(o) - 3*w(o). Let f = 40 + -45. What is s(f)?
-5
Let j(z) be the third derivative of z**5/60 + 7*z**4/24 + 7*z**3/6 + 4*z**2. What is j(-6)?
1
Let w(c) be the third derivative of -c**6/120 + c**5/20 + c**4/4 - 2*c**3/3 + 11*c**2. Give w(5).
-24
Let v(w) = -w**3 - 7*w**2 - 4*w. Let m(y) = -y**2 - 11*y - 6. Let d be m(-11). Give v(d).
-12
Let a(i) = i**2. Let n(o) = -o**3 - 4*o**2 + 1. Let h be n(-3). Let u be 0/((-4)/h*2). Calculate a(u).
0
Let p(r) be the third derivative of -r**4/24 + r**3/6 + 6*r**2. Give p(-2).
3
Let o(i) = -4 + 1 - 8 + 2*i. Let u be o(8). Let w(m) = 13*m - 10. Let b(t) = -6*t + 5. Let x(n) = -7*b(n) - 3*w(n). What is x(u)?
10
Let b(z) = -z + 1. Let h(p) = 5*p**3 - 9*p + 2*p - 9*p**2 - 4*p**3 + 3 - 3*p. Let i be h(10). Suppose 0 = -i*a + a + 4. Calculate b(a).
-1
Let k(i) = i + 0*i - 1 - 1. Let z(b) = b**2. Suppose -12 = -4*m, -3*m - 5 = c - 4*m. Let v be z(c). What is k(v)?
2
Let c(p) = p**3 + 3*p**2 - 6*p - 5. Let l be c(-4). Let h be -1 - (0 - (0 - -3)). Let m(g) = 4*g**2 - 4 - 4*g - g**3 - h*g + 5*g. Give m(l).
2
Let d(m) be the third derivative of -1/12*m**4 - 4/3*m**3 - 1/10*m**5 - 1/120*m**6 + 0 - m**2 + 0*m. What is d(-6)?
4
Let c be (-4 + 2)/(1 - 2). Suppose -4*x = -c*x + 10. Let y(w) be the third derivative of w**5/60 + w**4/6 - w**3/6 - w**2. Determine y(x).
4
Let t(q) be the third derivative of -q**6/120 - q**5/15 + q**4/8 + q**3 - q**2. Suppose -4 = 2*g - g. Give t(g).
-6
Suppose 4*s + 0*y - 3*y - 28 = 0, 5*s - 4*y = 36. Let r(a) = -a**3 + 3*a**2 + 5*a - 2. Determine r(s).
2
Let x(w) be the first derivative of 0 + w**2 - 2*w + 3 - 2*w - 4. Determine x(5).
6
Suppose 0 = p + 2*p - 39. Let m = 19 - p. Let r(x) = -x**3 + 6*x**2 - 2*x + 8. Let h be r(m). Let y(s) = 2*s + 6. What is y(h)?
-2
Let u(r) = 7*r**3 - r**2 - 8*r**3 + 0*r + 4*r**2 + 2*r + 5. Give u(4).
-3
Let v(c) be the first derivative of -c**3/6 + c**2/2 - 4*c + 4. Let n(b) be the first derivative of v(b). Calculate n(3).
-2
Let x(z) = -z**2 + 8*z - 4. Suppose -6*f + 4*f = 0. Suppose -j - j + 4 = f. Suppose 0 = -h - 3, 4*d - j*h = -d + 31. Determine x(d).
11
Let d(x) = x - 1. Let r = -3 - 0. Let q = r + 0. Let a be 4/6 + (-1)/q. Determine d(a).
0
Let j(i) = 2*i**2 - 4*i. Let f = -7 - -10. What is j(f)?
6
Let x(v) = -v**2 - 2*v + 2. Let z(t) = t**3 - 9*t**2 + 16*t + 9. Let b be z(6). Give x(b).
-1
Suppose -2*q - v = -7, 2*q - 4*v - 27 = -q. Suppose c - 5*t = -2, -2*c + q*c - 6 = 3*t. Let i(y) = y**2 - 2*y. What is i(c)?
3
Let d be (-2)/(10/(-3)) + (-80)/50. Let o(f) = -f - 1. Calculate o(d).
0
Let g(z) = z**2 + 9*z - 11. Let y(b) = b - 1. Let k(t) = -g(t) + 5*y(t). Determine k(-6).
-6
Suppose 6*q - 11 = 19. Let u(h) be the second derivative of -h + 1/6*h**3 + 0 + 5/2*h**2 + 1/20*h**q + 0*h**4. Give u(0).
5
Let x be (2/3)/(12/(-18)). Let h(c) = -5*c + 1. Calculate h(x).
6
Let w(x) be the second derivative of 5*x**4/6 - 4*x**3/3 - 3*x**2 + 7*x. Let v(z) = -7*z**2 + 5*z + 4. Let f(o) = -7*v(o) - 5*w(o). Give f(5).
2
Let d(k) be the second derivative of k**4/12 + 3*k**3/2 + 7*k**2/2 - 9*k. Determine d(-5).
-13
Let w(c) = 30*c. Let q = 67 + -66. Calculate w(q).
30
Let l(b) be the second derivative of -b**3/3 - b**2/2 - 5*b. Calculate l(-1).
1
Let q(y) be the first derivative of -y**2/2 - 1. Let z(r) = 2*r. Let n(t) = -t**2 + 9*t + 3. Let d be n(9). Let g(x) = d*q(x) + 2*z(x). Give g(-1).
-1
Suppose -5*r + 3*y = -0 - 23, 2*r - 30 = -4*y. Let o(s) be the first derivative of s**4/4 - 7*s**3/3 + 8*s + 35. Determine o(r).
8
Let h(v) = 3*v - 2. Let n(y) = -y**2 - 21*y + 19. Let t be n(-22). Calculate h(t).
-11
Let j(u) = -u**3 + 3*u**2 + 5*u + 3. Let d = -53 + 57. Determine j(d).
7
Suppose y - 6 + 4 = 0. Let m(w) = -w**2 - 2. Give m(y).
-6
Let d(r) = r + 1. Let a(s) = 7*s - 3. Let y(h) = -a(h) - 2*d(h). Let q(k) = -k + 12. Let t be q(9). Suppose -t = u - 4. Determine y(u).
-8
Let l(t) be the first derivative of 5/2*t**2 + 2 - 2*t. Give l(2).
8
Let i = 8 + -3. Let n(l) be the first derivative of l**5/120 - l**4/6 + 2*l**3/3 + 1. Let x(d) be the third derivative of n(d). Determine x(i).
1
Suppose 5*h + 31 = -3*b, -b - 4*h = 2 + 20. Let k(o) be the third derivative of o**6/120 - o**5/60 - o**4/6 - o**3/2 + 6*o**2. Give k(b).
-7
Let t(k) be the first derivative of 1 + k + 1/2*k**2. Suppose 0 = m + 2*m + 12. What is t(m)?
-3
Let y(w) = 2*w - 2. Let m = -2 + 3. Let i be 6/4*22/(-33). Let j = i - m. Determine y(j).
-6
Let n = 6 - 16. Let i(p) = -p**2 + 1. Let v be i(5). Let u be v/n - 3/(-5). Let t(a) = -a + 1. What is t(u)?
-2
Let j(z) be the second derivative of -z**7/840 + z**6/72 - z**5/40 + z**4/8 + z**3/3 + z. Let d(f) be the second derivative of j(f). Calculate d(4).
7
Let r(u) = -3*u + 5. Let g(h) = -h**3 + 9*h**2 - 8. Let t be g(9). Let c = t - -12. Determine r(c).
-7
Let k(q) be the first derivative of q**2 - q - 32. Determ